{"id":22831,"date":"2025-07-13T21:58:55","date_gmt":"2025-07-13T21:58:55","guid":{"rendered":"https:\/\/web.losalquimistas.cl\/?post_type=product&#038;p=22831"},"modified":"2025-08-01T17:39:52","modified_gmt":"2025-08-01T17:39:52","slug":"back-sds-para-analisis-acs-dodecilo-sulfato-sal-sodica-laurilsulfato-sal-sodica-sds-sodio-laurilsulfato-envase-de-plastico-de-1-kg-cas-151-21-3-codigo-de-compra-panr132363-1211","status":"publish","type":"product","link":"https:\/\/web.losalquimistas.cl\/index.php\/product\/back-sds-para-analisis-acs-dodecilo-sulfato-sal-sodica-laurilsulfato-sal-sodica-sds-sodio-laurilsulfato-envase-de-plastico-de-1-kg-cas-151-21-3-codigo-de-compra-panr132363-1211\/","title":{"rendered":"SDS para an\u00e1lisis, ACS.  CAS [151-21-3]. Envase de pl\u00e1stico de 1 Kg. CODIGO DE COMPRA: PANR132363.1211"},"content":{"rendered":"<p class=\"subtit\">Sin\u00f3nimos: Dodecilo Sulfato sal S\u00f3dica, Laurilsulfato Sal S\u00f3dica, SDS, Sodio Laurilsulfato<\/p>\n<h3><a href=\"https:\/\/itwreagents.com\/iberia\/es\/product\/sds-para-analisis-acs\/132363\" target=\"_blank\" rel=\"noopener\"><span style=\"color: #800000;\">PanReac &amp; AppliChem<\/span><\/a><\/h3>\n<h3><span style=\"color: #0000ff;\">CODIGO DE COMPRA: PANR132363.1211<\/span><\/h3>\n<h4><span style=\"color: #ff00ff;\"><strong>INFORMACION TECNICA<\/strong><\/span><\/h4>\n<dl class=\"info-prod\">\n<dt><span style=\"color: #ff00ff;\">Punto de Fusi\u00f3n:\u00a0204 &#8211; 207 \u00b0C<\/span><\/dt>\n<dt><span style=\"color: #ff00ff;\">Solubilidad:\u00a0agua 100 g\/l a 20 \u00b0C<\/span><\/dt>\n<dt class=\"break\"><span style=\"color: #ff00ff;\">Descripci\u00f3n F\u00edsica: S\u00f3lido<\/span><\/dt>\n<\/dl>\n<dl class=\"info-prod\">\n<dt><span style=\"color: #ff00ff;\">C\u00f3digo de Producto:\u00a0132363<\/span><\/dt>\n<dt><span style=\"color: #ff00ff;\">Nombre de Producto:\u00a0SDS para an\u00e1lisis, ACS<\/span><\/dt>\n<dt><span style=\"color: #ff00ff;\">Nombre de Calidad: PA, ACS<\/span><\/dt>\n<dt><span style=\"color: #ff00ff;\">Comentario de Cabecera:\u00a0para determinaci\u00f3n de tensioactivos<\/span><\/dt>\n<dt class=\"break\"><span style=\"color: #ff00ff;\">Especificaciones:\u00a0<\/span><\/dt>\n<dd><span style=\"color: #ff00ff;\">Riqueza m\u00ednima (s.p.s.): 99,0%<\/span><br \/>\n<span style=\"color: #ff00ff;\">Identidad: IR conforme ensayo<b>L\u00edmite m\u00e1ximo de impurezas<\/b><\/span><br \/>\n<span style=\"color: #ff00ff;\">ABS \u03bb 220-350 nm 1 cm, 3% (0,1 mol\/l) sol. en H2O: 0,1<\/span><br \/>\n<span style=\"color: #ff00ff;\">ABS \u03bb 260nm 1 cm, 3% (0,1 mol\/l) sol. en H2O: 0,04<\/span><br \/>\n<span style=\"color: #ff00ff;\">ABS \u03bb 280nm 1 cm, 3% (0,1 mol\/l) sol. en H2O: 0,02<\/span><br \/>\n<span style=\"color: #ff00ff;\">Alcalinidad: 0,06 meq\/g<\/span><br \/>\n<span style=\"color: #ff00ff;\">Insoluble en H2O: 0,01 %<\/span><br \/>\n<span style=\"color: #ff00ff;\">P\u00e9rdida por desecaci\u00f3n a 105\u00b0C: 1,0%<\/span><br \/>\n<span style=\"color: #ff00ff;\">Cloruro (Cl): 0,025%<\/span><br \/>\n<span style=\"color: #ff00ff;\">Fosfato (PO4): 0,0001 %<\/span><br \/>\n<span style=\"color: #ff00ff;\">Compuestos C12 m\u00ednimo (C.G.): 99%<\/span><br \/>\n<span style=\"color: #ff00ff;\">Alcoholes no sulfatados: 1%<\/span><br \/>\n<span style=\"color: #ff00ff;\">Agua (H2O): 1,0 %<\/span><br \/>\n<span style=\"color: #ff00ff;\">Metales pesados (en Pb): 0,0005%<\/span><br \/>\n<span style=\"color: #ff00ff;\">Pb: 0,0005 %<\/span><\/dd>\n<\/dl>\n<dl class=\"info-prod\">\n<dt><span style=\"color: #ff00ff;\">UN:\u00a01325<\/span><\/dt>\n<dt><span style=\"color: #ff00ff;\">Clase\/GE: 4.1\/II<\/span><\/dt>\n<dt><span style=\"color: #ff00ff;\">ADR:\u00a04.1\/II<\/span><\/dt>\n<dt><span style=\"color: #ff00ff;\">IMDG:\u00a04.1\/II<\/span><\/dt>\n<dt><span style=\"color: #ff00ff;\">IATA:\u00a04.1\/II<\/span><\/dt>\n<dt><span style=\"color: #ff00ff;\">WGK:\u00a02<\/span><\/dt>\n<dt><span style=\"color: #ff00ff;\">Almacenaje:\u00a0Temperatura ambiente.<\/span><\/dt>\n<dt><span style=\"color: #ff00ff;\">Palabra de Peligro:\u00a0Peligro<\/span><\/dt>\n<\/dl>\n","protected":false},"excerpt":{"rendered":"<p>SDS<\/p>\n","protected":false},"featured_media":22832,"comment_status":"open","ping_status":"closed","template":"","meta":[],"product_brand":[],"product_cat":[42,45],"product_tag":[],"class_list":{"0":"post-22831","1":"product","2":"type-product","3":"status-publish","4":"has-post-thumbnail","6":"product_cat-https-web-losalquimistas-cl-index-php-product-category-biologia-molecular","7":"product_cat-reactivos-analiticos","8":"ts_product_brand-panreac-applichem","10":"first","11":"instock","12":"shipping-taxable","13":"product-type-simple","14":"add-to-wishlist-after_add_to_cart"},"jetpack_sharing_enabled":true,"_links":{"self":[{"href":"https:\/\/web.losalquimistas.cl\/index.php\/wp-json\/wp\/v2\/product\/22831","targetHints":{"allow":["GET"]}}],"collection":[{"href":"https:\/\/web.losalquimistas.cl\/index.php\/wp-json\/wp\/v2\/product"}],"about":[{"href":"https:\/\/web.losalquimistas.cl\/index.php\/wp-json\/wp\/v2\/types\/product"}],"replies":[{"embeddable":true,"href":"https:\/\/web.losalquimistas.cl\/index.php\/wp-json\/wp\/v2\/comments?post=22831"}],"wp:featuredmedia":[{"embeddable":true,"href":"https:\/\/web.losalquimistas.cl\/index.php\/wp-json\/wp\/v2\/media\/22832"}],"wp:attachment":[{"href":"https:\/\/web.losalquimistas.cl\/index.php\/wp-json\/wp\/v2\/media?parent=22831"}],"wp:term":[{"taxonomy":"product_brand","embeddable":true,"href":"https:\/\/web.losalquimistas.cl\/index.php\/wp-json\/wp\/v2\/product_brand?post=22831"},{"taxonomy":"product_cat","embeddable":true,"href":"https:\/\/web.losalquimistas.cl\/index.php\/wp-json\/wp\/v2\/product_cat?post=22831"},{"taxonomy":"product_tag","embeddable":true,"href":"https:\/\/web.losalquimistas.cl\/index.php\/wp-json\/wp\/v2\/product_tag?post=22831"}],"curies":[{"name":"wp","href":"https:\/\/api.w.org\/{rel}","templated":true}]}}