{"id":22754,"date":"2026-04-28T19:32:00","date_gmt":"2026-04-28T19:32:00","guid":{"rendered":"https:\/\/web.losalquimistas.cl\/?post_type=product&#038;p=22754"},"modified":"2026-04-28T20:44:38","modified_gmt":"2026-04-28T20:44:38","slug":"sodio-tartrato-2-hidrato-reag-ph-eur-para-analisis-cas-6106-24-7-envase-de-un-plastico-de-1-kg-codigo-de-compra-panr121719-1211","status":"publish","type":"product","link":"https:\/\/web.losalquimistas.cl\/index.php\/product\/sodio-tartrato-2-hidrato-reag-ph-eur-para-analisis-cas-6106-24-7-envase-de-un-plastico-de-1-kg-codigo-de-compra-panr121719-1211\/","title":{"rendered":"Sodio Tartrato 2-hidrato (Reag. Ph. Eur.) para an\u00e1lisis. CAS 6106-24-7  Envase de pl\u00e1stico de 1 Kg. CODIGO DE COMPRA : PANR121719.1211"},"content":{"rendered":"<p>Sin\u00f3nimos:\u00a0Acido Tart\u00e1rico Sal Dis\u00f3dica, di-Sodio Tartrato<\/p>\n<h3><strong><span style=\"color: #3366ff;\">CODIGO DE COMPRA : PANR121719.1211<\/span><\/strong><\/h3>\n<h4><span style=\"color: #ff00ff;\">DESCRIPCI\u00d3N:<\/span><\/h4>\n<dl class=\"info-prod\">\n<dt><span style=\"color: #ff00ff;\">Punto de Fusi\u00f3n:\u00a0150 \u00b0C<\/span><\/dt>\n<dt><span style=\"color: #ff00ff;\">Solubilidad:\u00a0agua 290 g\/l a 20 \u00b0C<\/span><\/dt>\n<dt class=\"break\"><span style=\"color: #ff00ff;\">Descripci\u00f3n F\u00edsica:\u00a0S\u00f3lido<\/span><\/dt>\n<\/dl>\n<dl class=\"info-prod\">\n<dt><span style=\"color: #ff00ff;\">C\u00f3digo de Producto:\u00a0121719<\/span><\/dt>\n<dt><span style=\"color: #ff00ff;\">Nombre de Producto:\u00a0Sodio Tartrato 2-hidrato (Reag. Ph. Eur.) para an\u00e1lisis<\/span><\/dt>\n<dt><span style=\"color: #ff00ff;\">Nombre de Calidad:\u00a0para an\u00e1lisis<\/span><\/dt>\n<dt class=\"break\"><span style=\"color: #ff00ff;\"><strong>Especificaciones:<\/strong><\/span><\/dt>\n<dd><span style=\"color: #ff00ff;\">Riqueza (Ac. Percl.): 99,0-101,0%<\/span><br \/>\n<span style=\"color: #ff00ff;\">pH sol. 5%: 7,0-9,0<\/span><br \/>\n<span style=\"color: #ff00ff;\"><b>L\u00edmite m\u00e1ximo de impurezas<\/b><\/span><br \/>\n<span style=\"color: #ff00ff;\">Insoluble en H2O: 0,005 %<\/span><br \/>\n<span style=\"color: #ff00ff;\">Cloruro (Cl): 0,0005%<\/span><br \/>\n<span style=\"color: #ff00ff;\">Amonio (NH4): 0,003%<\/span><br \/>\n<span style=\"color: #ff00ff;\">Fosfato (PO4): 0,0005 %<\/span><br \/>\n<span style=\"color: #ff00ff;\">Sulfato (SO4): 0,002%<\/span><br \/>\n<span style=\"color: #ff00ff;\">Metales pesados (en Pb): 0,0005%<\/span><br \/>\n<span style=\"color: #ff00ff;\">As: 0,00005 %<\/span><br \/>\n<span style=\"color: #ff00ff;\">Ca: 0,005 %<\/span><br \/>\n<span style=\"color: #ff00ff;\">Cu: 0,0005 %<\/span><br \/>\n<span style=\"color: #ff00ff;\">Fe: 0,0005 %<\/span><br \/>\n<span style=\"color: #ff00ff;\">K: 0,002 %<\/span><br \/>\n<span style=\"color: #ff00ff;\">Ni: 0,0005 %<\/span><br \/>\n<span style=\"color: #ff00ff;\">Pb: 0,0005 %<\/span><\/dd>\n<\/dl>\n<dl class=\"info-prod\">\n<dt><span style=\"color: #ff00ff;\">WGK:\u00a01<\/span><\/dt>\n<dt class=\"break\"><span style=\"color: #ff00ff;\">Almacenaje:\u00a0Temperatura ambiente.<\/span><\/dt>\n<dt><span style=\"color: #ff00ff;\">Nombre Maestro:\u00a0Sodio Tartrato 2-hidrato<\/span><\/dt>\n<dt><span style=\"color: #ff00ff;\">Texto para sin\u00f3nimos:\u00a0Acido Tart\u00e1rico Sal Dis\u00f3dica, di-Sodio Tartrato<\/span><\/dt>\n<dt><span style=\"color: #ff00ff;\">EINECS:\u00a0212-773-3<\/span><\/dt>\n<dt class=\"break\"><span style=\"color: #ff00ff;\">NC:\u00a029181300<\/span><\/dt>\n<\/dl>\n<p>&nbsp;<\/p>\n","protected":false},"excerpt":{"rendered":"<p>Sodio tartrato<\/p>\n<p>Merck c\u00f3digo 106663<\/p>\n","protected":false},"featured_media":23670,"comment_status":"open","ping_status":"closed","template":"","meta":[],"product_brand":[],"product_cat":[45,17],"product_tag":[],"class_list":{"0":"post-22754","1":"product","2":"type-product","3":"status-publish","4":"has-post-thumbnail","6":"product_cat-reactivos-analiticos","7":"product_cat-uso-general","9":"first","10":"instock","11":"shipping-taxable","12":"product-type-simple","13":"add-to-wishlist-after_add_to_cart"},"jetpack_sharing_enabled":true,"_links":{"self":[{"href":"https:\/\/web.losalquimistas.cl\/index.php\/wp-json\/wp\/v2\/product\/22754","targetHints":{"allow":["GET"]}}],"collection":[{"href":"https:\/\/web.losalquimistas.cl\/index.php\/wp-json\/wp\/v2\/product"}],"about":[{"href":"https:\/\/web.losalquimistas.cl\/index.php\/wp-json\/wp\/v2\/types\/product"}],"replies":[{"embeddable":true,"href":"https:\/\/web.losalquimistas.cl\/index.php\/wp-json\/wp\/v2\/comments?post=22754"}],"wp:featuredmedia":[{"embeddable":true,"href":"https:\/\/web.losalquimistas.cl\/index.php\/wp-json\/wp\/v2\/media\/23670"}],"wp:attachment":[{"href":"https:\/\/web.losalquimistas.cl\/index.php\/wp-json\/wp\/v2\/media?parent=22754"}],"wp:term":[{"taxonomy":"product_brand","embeddable":true,"href":"https:\/\/web.losalquimistas.cl\/index.php\/wp-json\/wp\/v2\/product_brand?post=22754"},{"taxonomy":"product_cat","embeddable":true,"href":"https:\/\/web.losalquimistas.cl\/index.php\/wp-json\/wp\/v2\/product_cat?post=22754"},{"taxonomy":"product_tag","embeddable":true,"href":"https:\/\/web.losalquimistas.cl\/index.php\/wp-json\/wp\/v2\/product_tag?post=22754"}],"curies":[{"name":"wp","href":"https:\/\/api.w.org\/{rel}","templated":true}]}}