{"id":22500,"date":"2025-07-08T11:22:47","date_gmt":"2025-07-08T11:22:47","guid":{"rendered":"https:\/\/web.losalquimistas.cl\/?post_type=product&#038;p=22500"},"modified":"2025-07-17T09:54:25","modified_gmt":"2025-07-17T09:54:25","slug":"acido-clorhidrico-001-mol-l-001n-reag-usp-solucion-lista-para-usar-envase-plastico-de-1-lt-trazable-a-nist-cas-7647-01-0-codigo-de-compra-panr182884-1211","status":"publish","type":"product","link":"https:\/\/web.losalquimistas.cl\/index.php\/product\/acido-clorhidrico-001-mol-l-001n-reag-usp-solucion-lista-para-usar-envase-plastico-de-1-lt-trazable-a-nist-cas-7647-01-0-codigo-de-compra-panr182884-1211\/","title":{"rendered":"\u00c1cido Clorh\u00eddrico 0,01 mol\/l (0,01N) (Reag. USP). Soluci\u00f3n valorada. Trazable a NIST. CAS [7647-01-0]. Envase pl\u00e1stico de 1 L. CODIGO DE COMPRA: PANR182884.1211"},"content":{"rendered":"<p>Sin\u00f3nimos:\u00a0Acido Hidrocl\u00f3rico, Acido Muri\u00e1tico<\/p>\n<h3><span style=\"color: #800000;\"><a style=\"color: #800000;\" href=\"https:\/\/www.itwreagents.com\/iberia\/es\/product\/acido-clorhidrico-001-moll-001n-reag-usp-solucion-valorada\/182884\" target=\"_blank\" rel=\"noopener\">PanReac &amp; AppliChem<\/a><\/span><\/h3>\n<h3><span style=\"color: #0000ff;\">CODIGO DE COMPRA: PANR182884.1211<\/span><\/h3>\n<h4><span style=\"color: #ff00ff;\">INFORMACION TECNICA<\/span><\/h4>\n<dl class=\"info-prod\">\n<dt><span style=\"color: #ff00ff;\">Densidad: 1,000 kg\/l<\/span><\/dt>\n<dt class=\"break\"><span style=\"color: #ff00ff;\">Descripci\u00f3n F\u00edsica:\u00a0L\u00edquido<\/span><\/dt>\n<\/dl>\n<dl class=\"info-prod\">\n<dt><span style=\"color: #ff00ff;\">C\u00f3digo de Producto:\u00a0182884<\/span><\/dt>\n<dt><span style=\"color: #ff00ff;\">Nombre de Producto:\u00a0\u00c1cido Clorh\u00eddrico 0,01 mol\/l (0,01N) (Reag. USP) soluci\u00f3n valorada<\/span><\/dt>\n<dt><span style=\"color: #ff00ff;\">Nombre de Calidad:\u00a0soluci\u00f3n valorada<\/span><\/dt>\n<dt><span style=\"color: #ff00ff;\">Comentario de Cabecera:\u00a0Indicador: Rojo de Metilo<\/span><\/dt>\n<dt class=\"break\"><span style=\"color: #ff00ff;\">Especificaciones:<\/span><\/dt>\n<dd><span style=\"color: #ff00ff;\">Factor a 20\u00b0C: 0,999 &#8211; 1,001<\/span><br \/>\n<span style=\"color: #ff00ff;\">Incertidumbre: Ver certificado<\/span><br \/>\n<span style=\"color: #ff00ff;\">Trazabilidad: NIST<\/span><\/dd>\n<\/dl>\n<dl class=\"info-prod\">\n<dt><span style=\"color: #ff00ff;\">WGK:\u00a0nwg<\/span><\/dt>\n<dt><span style=\"color: #ff00ff;\">Almacenaje:\u00a0Temperatura ambiente.<\/span><\/dt>\n<dt><span style=\"color: #ff00ff;\">Palabra de Peligro:\u00a0Atenci\u00f3n<\/span><\/dt>\n<\/dl>\n","protected":false},"excerpt":{"rendered":"<p>Acido clorh\u00eddrico 0,01 N.<\/p>\n","protected":false},"featured_media":22501,"comment_status":"open","ping_status":"closed","template":"","meta":[],"product_brand":[],"product_cat":[183],"product_tag":[],"class_list":{"0":"post-22500","1":"product","2":"type-product","3":"status-publish","4":"has-post-thumbnail","6":"product_cat-soluciones-preparadas","7":"ts_product_brand-panreac-applichem","9":"first","10":"instock","11":"shipping-taxable","12":"product-type-simple","13":"add-to-wishlist-after_add_to_cart"},"jetpack_sharing_enabled":true,"_links":{"self":[{"href":"https:\/\/web.losalquimistas.cl\/index.php\/wp-json\/wp\/v2\/product\/22500","targetHints":{"allow":["GET"]}}],"collection":[{"href":"https:\/\/web.losalquimistas.cl\/index.php\/wp-json\/wp\/v2\/product"}],"about":[{"href":"https:\/\/web.losalquimistas.cl\/index.php\/wp-json\/wp\/v2\/types\/product"}],"replies":[{"embeddable":true,"href":"https:\/\/web.losalquimistas.cl\/index.php\/wp-json\/wp\/v2\/comments?post=22500"}],"wp:featuredmedia":[{"embeddable":true,"href":"https:\/\/web.losalquimistas.cl\/index.php\/wp-json\/wp\/v2\/media\/22501"}],"wp:attachment":[{"href":"https:\/\/web.losalquimistas.cl\/index.php\/wp-json\/wp\/v2\/media?parent=22500"}],"wp:term":[{"taxonomy":"product_brand","embeddable":true,"href":"https:\/\/web.losalquimistas.cl\/index.php\/wp-json\/wp\/v2\/product_brand?post=22500"},{"taxonomy":"product_cat","embeddable":true,"href":"https:\/\/web.losalquimistas.cl\/index.php\/wp-json\/wp\/v2\/product_cat?post=22500"},{"taxonomy":"product_tag","embeddable":true,"href":"https:\/\/web.losalquimistas.cl\/index.php\/wp-json\/wp\/v2\/product_tag?post=22500"}],"curies":[{"name":"wp","href":"https:\/\/api.w.org\/{rel}","templated":true}]}}