{"id":22406,"date":"2025-07-03T18:31:46","date_gmt":"2025-07-03T18:31:46","guid":{"rendered":"https:\/\/web.losalquimistas.cl\/?post_type=product&#038;p=22406"},"modified":"2025-07-09T19:34:06","modified_gmt":"2025-07-09T19:34:06","slug":"agar-tipo-europeo-ingrediente-para-microbiologia-cultivo-de-plantas-bacteriologia-envase-plastico-de-500-gr-cas-9002-18-0-codigo-de-compra-appla0949-0500","status":"publish","type":"product","link":"https:\/\/web.losalquimistas.cl\/index.php\/product\/agar-tipo-europeo-ingrediente-para-microbiologia-cultivo-de-plantas-bacteriologia-envase-plastico-de-500-gr-cas-9002-18-0-codigo-de-compra-appla0949-0500\/","title":{"rendered":"Agar, Tipo Europeo, (Ingrediente) para microbiolog\u00eda, cultivo de plantas, bacteriolog\u00eda. Envase pl\u00e1stico de 500 gr. CAS [9002-18-0]. CODIGO DE COMPRA APPLA0949.0500"},"content":{"rendered":"<h3><a href=\"https:\/\/itwreagents.com\/iberia\/es\/product\/agar-tipo-europeo-ingrediente-para-microbiologia-cultivo-de-plantas-bacteriologia\/A0949\" target=\"_blank\" rel=\"noopener\">PanReac &amp; AppliChem<\/a><\/h3>\n<h3><span style=\"color: #0000ff;\">CODIGO DE COMPRA APPLA0949.0500<\/span><\/h3>\n<h4><span style=\"color: #ff00ff;\">INFORMACION TECNICA:<\/span><\/h4>\n<dl class=\"info-prod\">\n<dt class=\"break\"><span style=\"color: #ff00ff;\">Descripci\u00f3n F\u00edsica:\u00a0S\u00f3lido<\/span><\/dt>\n<\/dl>\n<dl class=\"info-prod\">\n<dt><span style=\"color: #ff00ff;\">C\u00f3digo de Producto:\u00a0A0949<\/span><\/dt>\n<dt><span style=\"color: #ff00ff;\">Nombre de Producto:\u00a0Agar, Tipo Europeo, (Ingrediente) para microbiolog\u00eda, cultivo de plantas, bacteriolog\u00eda<\/span><\/dt>\n<dt><span style=\"color: #ff00ff;\">Descripci\u00f3n corta:\u00a0uso: adecuado para la preparaci\u00f3n de placas de agar LB; muy bajo contenido de minerales<\/span><\/dt>\n<dt class=\"break\"><span style=\"color: #ff00ff;\">Especificaciones:\u00a0Ceniza: max. 4,5 %<\/span><br \/>\n<span style=\"color: #ff00ff;\">Punto de gel: 30 &#8211; 36\u00b0C<\/span><br \/>\n<span style=\"color: #ff00ff;\">Fuerza del gel (1,5 %): 750 &#8211; 1100 g\/cm<sup>2<\/sup><\/span><br \/>\n<span style=\"color: #ff00ff;\">pH (1,5 %; H<sub>2<\/sub>O; 60\u00b0C): 6,0 &#8211; 8,0<\/span><br \/>\n<span style=\"color: #ff00ff;\">Contaminaci\u00f3n con esporas: negativo<\/span><br \/>\n<span style=\"color: #ff00ff;\">pH despu\u00e9s del autoclavado: 6,5 &#8211; 7,5<\/span><br \/>\n<span style=\"color: #ff00ff;\">pH antes del autoclavado: 6,5 &#8211; 7,5<\/span><br \/>\n<span style=\"color: #ff00ff;\">Pat\u00edculas insolubles: negativo<\/span><br \/>\n<span style=\"color: #ff00ff;\">Punto de fusi\u00f3n: 85\u00b0 \u00b1 5\u00b0C<\/span><br \/>\n<span style=\"color: #ff00ff;\">Gelatina: no detectable<\/span><br \/>\n<span style=\"color: #ff00ff;\">Almid\u00f3n: no detectable<\/span><br \/>\n<span style=\"color: #ff00ff;\">Agua (K.F.): max. 12,0 %<\/span><br \/>\n<span style=\"color: #ff00ff;\">Ca: max. 0,2 %<\/span><br \/>\n<span style=\"color: #ff00ff;\">Mg: max. 0,1 %<\/span><\/dt>\n<\/dl>\n<dl class=\"info-prod\">\n<dt><span style=\"color: #ff00ff;\">WGK:\u00a01<\/span><\/dt>\n<dt class=\"break\"><span style=\"color: #ff00ff;\">Almacenaje:\u00a0Temperatura ambiente<\/span><\/dt>\n<dt><span style=\"color: #ff00ff;\">EINECS:\u00a0232-658-1<\/span><\/dt>\n<dt class=\"break\"><span style=\"color: #ff00ff;\">NC:\u00a013023100<\/span><\/dt>\n<\/dl>\n","protected":false},"excerpt":{"rendered":"<p>AGAR AGAR<\/p>\n","protected":false},"featured_media":22407,"comment_status":"open","ping_status":"closed","template":"","meta":[],"product_brand":[],"product_cat":[17],"product_tag":[],"class_list":{"0":"post-22406","1":"product","2":"type-product","3":"status-publish","4":"has-post-thumbnail","6":"product_cat-uso-general","7":"ts_product_brand-panreac-applichem","9":"first","10":"instock","11":"shipping-taxable","12":"product-type-simple","13":"add-to-wishlist-after_add_to_cart"},"jetpack_sharing_enabled":true,"_links":{"self":[{"href":"https:\/\/web.losalquimistas.cl\/index.php\/wp-json\/wp\/v2\/product\/22406","targetHints":{"allow":["GET"]}}],"collection":[{"href":"https:\/\/web.losalquimistas.cl\/index.php\/wp-json\/wp\/v2\/product"}],"about":[{"href":"https:\/\/web.losalquimistas.cl\/index.php\/wp-json\/wp\/v2\/types\/product"}],"replies":[{"embeddable":true,"href":"https:\/\/web.losalquimistas.cl\/index.php\/wp-json\/wp\/v2\/comments?post=22406"}],"wp:featuredmedia":[{"embeddable":true,"href":"https:\/\/web.losalquimistas.cl\/index.php\/wp-json\/wp\/v2\/media\/22407"}],"wp:attachment":[{"href":"https:\/\/web.losalquimistas.cl\/index.php\/wp-json\/wp\/v2\/media?parent=22406"}],"wp:term":[{"taxonomy":"product_brand","embeddable":true,"href":"https:\/\/web.losalquimistas.cl\/index.php\/wp-json\/wp\/v2\/product_brand?post=22406"},{"taxonomy":"product_cat","embeddable":true,"href":"https:\/\/web.losalquimistas.cl\/index.php\/wp-json\/wp\/v2\/product_cat?post=22406"},{"taxonomy":"product_tag","embeddable":true,"href":"https:\/\/web.losalquimistas.cl\/index.php\/wp-json\/wp\/v2\/product_tag?post=22406"}],"curies":[{"name":"wp","href":"https:\/\/api.w.org\/{rel}","templated":true}]}}