{"id":22391,"date":"2025-07-02T18:27:14","date_gmt":"2025-07-02T18:27:14","guid":{"rendered":"https:\/\/web.losalquimistas.cl\/?post_type=product&#038;p=22391"},"modified":"2025-07-11T17:53:42","modified_gmt":"2025-07-11T17:53:42","slug":"acido-acetico-glacial-reag-usp-ph-eur-pa-acs-iso-biochemica-en-envase-de-vidrio-de-25-litros-cas-64-19-7-codigo-de-pedido-panr131008-1612","status":"publish","type":"product","link":"https:\/\/web.losalquimistas.cl\/index.php\/product\/acido-acetico-glacial-reag-usp-ph-eur-pa-acs-iso-biochemica-en-envase-de-vidrio-de-25-litros-cas-64-19-7-codigo-de-pedido-panr131008-1612\/","title":{"rendered":"\u00c1cido Ac\u00e9tico glacial (Reag. USP, Ph. Eur.) PA, ACS, ISO, BioChemica en envase de vidrio de 2,5 Litros. CAS [64-19-7]. CODIGO DE COMPRA: PANR131008.1612"},"content":{"rendered":"<h3><a href=\"https:\/\/itwreagents.com\/iberia\/es\/product\/acido-acetico-glacial-reag-usp-ph-eur-para-analisis-acs-iso-biochemica\/131008\" target=\"_blank\" rel=\"noopener\">PanReac &amp; AppliChem<\/a><\/h3>\n<h3><span style=\"color: #0000ff;\">C\u00f3digo de Compra: PANR131008.1612<\/span><\/h3>\n<p><span style=\"color: #ff00ff;\">INFORMACION TECNICA:<\/span><\/p>\n<dl class=\"info-prod\">\n<dt><span style=\"color: #ff00ff;\">Punto de Fusi\u00f3n:16,7 \u00b0C<\/span><\/dt>\n<dt><span style=\"color: #ff00ff;\">Punto de Ebullici\u00f3n:117 &#8211; 119 \u00b0C<\/span><\/dt>\n<dt><span style=\"color: #ff00ff;\">Densidad:1,052 kg\/l<\/span><\/dt>\n<dt><span style=\"color: #ff00ff;\">\u00cdndice de refracci\u00f3n:20\/D 1,3718<\/span><\/dt>\n<dt class=\"break\"><span style=\"color: #ff00ff;\">Descripci\u00f3n F\u00edsica:L\u00edquido<\/span><\/dt>\n<\/dl>\n<dl class=\"info-prod\">\n<dt><span style=\"color: #ff00ff;\">C\u00f3digo de Producto:131008<\/span><\/dt>\n<dt><span style=\"color: #ff00ff;\">Nombre de Producto:<\/span><\/dt>\n<dd><span style=\"color: #ff00ff;\">\u00c1cido Ac\u00e9tico glacial (Reag. USP, Ph. Eur.) para an\u00e1lisis, ACS, ISO, BioChemica<\/span><\/dd>\n<dt><span style=\"color: #ff00ff;\">Nombre de Calidad:<\/span><\/dt>\n<dd><span style=\"color: #ff00ff;\">para an\u00e1lisis, ACS, ISO, BioChemica<\/span><\/dd>\n<dt class=\"break\"><span style=\"color: #ff00ff;\">Especificaciones:<\/span><\/dt>\n<dd><span style=\"color: #ff00ff;\">Riqueza m\u00ednima (C.G.): 99,7%<\/span><br \/>\n<span style=\"color: #ff00ff;\">Densidad 20\/20: 1,050-1,052<\/span><br \/>\n<span style=\"color: #ff00ff;\">Punto de congelaci\u00f3n: \u2265 16,0\u00b0C<\/span><span style=\"color: #ff00ff;\"><b>L\u00edmite m\u00e1ximo de impurezas<\/b><\/span><br \/>\n<span style=\"color: #ff00ff;\">Color APHA: 10<\/span><br \/>\n<span style=\"color: #ff00ff;\">Alcalinidad: 0,0004 meq\/g<\/span><br \/>\n<span style=\"color: #ff00ff;\">Insoluble en H2O: Conforme ensayo<\/span><br \/>\n<span style=\"color: #ff00ff;\">Residuo fijo: 0,001 %<\/span><br \/>\n<span style=\"color: #ff00ff;\">Resistencia al KMnO4: Conforme ensayo<\/span><br \/>\n<span style=\"color: #ff00ff;\">Residuo de calcinaci\u00f3n (en SO4): 0,0005 %<\/span><br \/>\n<span style=\"color: #ff00ff;\">Cloruro (Cl): 0,00004%<\/span><br \/>\n<span style=\"color: #ff00ff;\">Fosfato (PO4): 0,00004 %<\/span><br \/>\n<span style=\"color: #ff00ff;\">Sulfato (SO4): 0,0001%<\/span><br \/>\n<span style=\"color: #ff00ff;\">Resistencia al K2Cr2O7: Conforme ensayo<\/span><br \/>\n<span style=\"color: #ff00ff;\">Acetaldeh\u00eddo (CH3CHO): 0,0002%<\/span><br \/>\n<span style=\"color: #ff00ff;\">Anh\u00eddrido Ac\u00e9tico [(CH3CO)2O] (C.G.): 0,01%<\/span><br \/>\n<span style=\"color: #ff00ff;\">Formiato (HCOO): 0,01%<\/span><br \/>\n<span style=\"color: #ff00ff;\">Nitrato (NO3): 0,0001%<\/span><br \/>\n<span style=\"color: #ff00ff;\">Agua (H2O): 0,2 %<\/span><br \/>\n<span style=\"color: #ff00ff;\">Metales pesados (en Pb): 0,00005%<\/span><\/p>\n<p><span style=\"color: #ff00ff;\"><b>Metales por ICP [en mg\/Kg (ppm)]<\/b><\/span><br \/>\n<span style=\"color: #ff00ff;\">Ag: 0,01<\/span><br \/>\n<span style=\"color: #ff00ff;\">Al: 0,05<\/span><br \/>\n<span style=\"color: #ff00ff;\">As: 0,5<\/span><br \/>\n<span style=\"color: #ff00ff;\">Au: 0,1<\/span><br \/>\n<span style=\"color: #ff00ff;\">B: 0,05<\/span><br \/>\n<span style=\"color: #ff00ff;\">Ba: 0,1<\/span><br \/>\n<span style=\"color: #ff00ff;\">Be: 0,01<\/span><br \/>\n<span style=\"color: #ff00ff;\">Bi: 0,05<\/span><br \/>\n<span style=\"color: #ff00ff;\">Ca: 0,5<\/span><br \/>\n<span style=\"color: #ff00ff;\">Cd: 0,01<\/span><br \/>\n<span style=\"color: #ff00ff;\">Co: 0,01<\/span><br \/>\n<span style=\"color: #ff00ff;\">Cr: 0,02<\/span><br \/>\n<span style=\"color: #ff00ff;\">Cu: 0,01<\/span><br \/>\n<span style=\"color: #ff00ff;\">Fe: 0,1<\/span><br \/>\n<span style=\"color: #ff00ff;\">Ga: 0,05<\/span><br \/>\n<span style=\"color: #ff00ff;\">Ge: 0,02<\/span><br \/>\n<span style=\"color: #ff00ff;\">Hg: 0,1<\/span><br \/>\n<span style=\"color: #ff00ff;\">In: 0,05<\/span><br \/>\n<span style=\"color: #ff00ff;\">K: 0,1<\/span><br \/>\n<span style=\"color: #ff00ff;\">Li: 0,01<\/span><br \/>\n<span style=\"color: #ff00ff;\">Mg: 0,1<\/span><br \/>\n<span style=\"color: #ff00ff;\">Mn: 0,01<\/span><br \/>\n<span style=\"color: #ff00ff;\">Mo: 0,02<\/span><br \/>\n<span style=\"color: #ff00ff;\">Na: 0,5<\/span><br \/>\n<span style=\"color: #ff00ff;\">Ni: 0,05<\/span><br \/>\n<span style=\"color: #ff00ff;\">Pb: 0,5<\/span><br \/>\n<span style=\"color: #ff00ff;\">Pt: 0,1<\/span><br \/>\n<span style=\"color: #ff00ff;\">Sb: 0,02<\/span><br \/>\n<span style=\"color: #ff00ff;\">Si: 0,1<\/span><br \/>\n<span style=\"color: #ff00ff;\">Sn: 0,05<\/span><br \/>\n<span style=\"color: #ff00ff;\">Sr: 0,05<\/span><br \/>\n<span style=\"color: #ff00ff;\">Ti: 0,05<\/span><br \/>\n<span style=\"color: #ff00ff;\">Tl: 0,02<\/span><br \/>\n<span style=\"color: #ff00ff;\">V: 0,02<\/span><br \/>\n<span style=\"color: #ff00ff;\">Zn: 0,05<\/span><br \/>\n<span style=\"color: #ff00ff;\">Zr: 0,05<\/span><\/dd>\n<\/dl>\n<p>&nbsp;<\/p>\n","protected":false},"excerpt":{"rendered":"<p>Acido ac\u00e9tico, vinagre, chicha<\/p>\n","protected":false},"featured_media":22392,"comment_status":"open","ping_status":"closed","template":"","meta":[],"product_brand":[],"product_cat":[184],"product_tag":[],"class_list":{"0":"post-22391","1":"product","2":"type-product","3":"status-publish","4":"has-post-thumbnail","6":"product_cat-solventes-para-analisis","7":"ts_product_brand-panreac-applichem","9":"first","10":"instock","11":"shipping-taxable","12":"product-type-simple","13":"add-to-wishlist-after_add_to_cart"},"jetpack_sharing_enabled":true,"_links":{"self":[{"href":"https:\/\/web.losalquimistas.cl\/index.php\/wp-json\/wp\/v2\/product\/22391","targetHints":{"allow":["GET"]}}],"collection":[{"href":"https:\/\/web.losalquimistas.cl\/index.php\/wp-json\/wp\/v2\/product"}],"about":[{"href":"https:\/\/web.losalquimistas.cl\/index.php\/wp-json\/wp\/v2\/types\/product"}],"replies":[{"embeddable":true,"href":"https:\/\/web.losalquimistas.cl\/index.php\/wp-json\/wp\/v2\/comments?post=22391"}],"wp:featuredmedia":[{"embeddable":true,"href":"https:\/\/web.losalquimistas.cl\/index.php\/wp-json\/wp\/v2\/media\/22392"}],"wp:attachment":[{"href":"https:\/\/web.losalquimistas.cl\/index.php\/wp-json\/wp\/v2\/media?parent=22391"}],"wp:term":[{"taxonomy":"product_brand","embeddable":true,"href":"https:\/\/web.losalquimistas.cl\/index.php\/wp-json\/wp\/v2\/product_brand?post=22391"},{"taxonomy":"product_cat","embeddable":true,"href":"https:\/\/web.losalquimistas.cl\/index.php\/wp-json\/wp\/v2\/product_cat?post=22391"},{"taxonomy":"product_tag","embeddable":true,"href":"https:\/\/web.losalquimistas.cl\/index.php\/wp-json\/wp\/v2\/product_tag?post=22391"}],"curies":[{"name":"wp","href":"https:\/\/api.w.org\/{rel}","templated":true}]}}